e m(f).
-9
Let p(l) = 3*l**2 - 49 - 60 - l - 2*l**2 + 127 + 15*l. Let n = 10 + -22. Determine p(n).
-6
Let j(d) = -d**2 + d. Suppose 7*q = -8*q + 75. Suppose -3*v + 7 = 10, -q*c + 11 = -v. Determine j(c).
-2
Let v be (3/6)/((6 + 1)/28). Let f(z) = -23631*z**v + 3 + 23636*z**2 + 7*z - 3*z + z**3. Calculate f(-4).
3
Let f(p) = -1194*p - 7 + 1201*p - 15. What is f(5)?
13
Let w(s) = -s + 6. Let y(k) = 2*k**2 + 39*k + 25. Let p(h) = -h**2 - 19*h - 13. Let u(n) = 7*p(n) + 3*y(n). Let i be u(-14). Give w(i).
-6
Let j(n) be the third derivative of -n**6/120 - 3*n**5/20 - 5*n**4/12 - 7*n**3/6 - 3*n**2 - 4*n. Let o be (-228)/30 + (-2)/5. Give j(o).
9
Let y(g) = g**3 + 5*g**2 + 4*g - 2. Let p(m) = -50 + 5*m - 84 + 170. Let h be p(-8). What is y(h)?
-2
Let f(h) = h - 12. Let t(n) = -4*n**3 - 5*n**2 + 2*n + 13. Let y be t(-2). Suppose -82 = -y*z + 86. Determine f(z).
-4
Let k(l) = -l - 1. Let g = 27 - 37. Let s be (g/(120/36))/(3/(-7)). What is k(s)?
-8
Let d(v) be the third derivative of v**6/360 - 7*v**5/120 + 7*v**4/24 + 12*v**3 - 5*v**2 + 7*v. Let r(q) be the first derivative of d(q). Determine r(6).
1
Let u(s) = 93*s - 1753. Let q be u(19). Let p(c) = 3*c - 3. Calculate p(q).
39
Let a be (6 - 5)/(2/6). Let d(x) = -48*x + 48*x + 0*x**3 - x**3 - 2*x**2 + a. What is d(-3)?
12
Let l = -95 - -92. Let m be 1 - (7 + l + -18). Let i be -12*(20/m + -1). Let j(h) = -h**2 - 6*h - 3. Calculate j(i).
5
Suppose -20*h - 4*h = -38*h - 154. Let p(k) = -2 - 15 + k**2 + 8*k + 1. Give p(h).
17
Let j be 1*(0 - 0) + 7. Let v(h) = -1156*h**2 + 303*h - 154*h + 577*h**2 + 580*h**2 - 153*h - 15. What is v(j)?
6
Let h(w) = 2*w**3 - 8*w**2 + 4*w + 10. Let p(x) = x**3 - 4*x**2 - 2*x + 1. Let k(l) = h(l) - 3*p(l). What is k(6)?
-5
Suppose f - 2*u + 2 = 1, u = 2*f + 2. Let r(d) = -17 - d**2 + 5*d**3 + 13*d**3 - 14 + 30 + 7*d**3 - 2*d. Calculate r(f).
-25
Let p(d) be the third derivative of 1/24*d**4 + 1/6*d**3 + 0 + d + 9*d**2. Determine p(-5).
-4
Let u(d) = d**2 - 8*d + 10. Let y be (-72)/(-21) + (-21)/49. Let r(x) = x**2 - 10*x + 30. Let p be r(y). What is u(p)?
19
Suppose 0 = v - p - 3, -v + 21 = -2*v - 5*p. Let q be -1*((v - -1) + -1). Let d(o) = -3 + o - q + 0. Give d(4).
0
Suppose 0 = -2*o - n - 64, 3*o + 5*n + 50 = 2*o. Let w = o + 22. Let v(g) be the first derivative of g**3/3 + 4*g**2 + 5*g + 5. Calculate v(w).
5
Let x(f) = f**3 + 2*f**2 + f - 2. Suppose -4*b = -2*m - 54, 2*b - 39 = 5*m - 0. Let p(h) = h**2 - 11*h - 15. Let j be p(b). Calculate x(j).
-14
Let f(t) = t**2 - 8*t - 26. Suppose 5*v - 48 = -33, v = 3*j - 33. What is f(j)?
22
Let w(r) = -3751*r - 26246. Let u be w(-7). Let t(v) = 0*v**2 + v**2 + 35 - 14*v - 15. Give t(u).
-13
Suppose 5*a = -p, a + 2*a + 9 = 0. Let h(w) be the first derivative of -w**4/4 + 16*w**3/3 - 7*w**2 - 10*w - 32644. Calculate h(p).
5
Let i(o) = 4*o**2 + 2*o + 44. Let x(b) = -b**2 + 3*b - 1. Let f(l) = -i(l) - 5*x(l). Determine f(-2).
-1
Let k = 70 + -22. Let a(o) = -49*o - k*o + 91*o + 8. What is a(6)?
-28
Let u be 3 - -1 - (-28)/(-28). Let v(t) = -3343*t + 3342*t - 1 + t**u - 8*t**3. Determine v(-1).
7
Let c(h) = h**3 - 8*h**2 + 10*h + 2. Suppose 0 = 5*s - 9*s + 5*u - 1072, -3*s - 811 = -2*u. Let y = s + 280. Give c(y).
23
Suppose 0 = 2*j + 9*j + 2167. Let n = j + 202. Let o(x) = x. What is o(n)?
5
Let u(s) = s**3 + 0*s**3 + 22*s**2 + 7526*s - 20 - 7509*s. Calculate u(-21).
64
Let y(o) = -2535 - 2533 - 5*o**3 + 3*o + 5060 - o**2. Let a(f) = -7*f**3 + 3*f - 8. Let x(n) = 2*a(n) - 3*y(n). Determine x(-4).
4
Let i(t) = -92*t + 24*t - 2 + 27*t + 23*t. Give i(-4).
70
Let i(g) = -g**2 + 2*g. Suppose 2*w + 104 = d, 0*d + 8 = -2*d. Let a = w + 61. Suppose 0 = -11*z + 29 - a. Determine i(z).
0
Suppose 44*d - 40*d + 34 = 5*l, 3 = l + 3*d. Let b(u) be the third derivative of -1/120*u**l + 0*u**3 + 0 + 44*u**2 - 1/3*u**4 + 1/6*u**5 + 0*u. Give b(9).
9
Let x(l) be the second derivative of l**5/20 + 11*l**4/12 + 3*l**3/2 - 3*l**2 - 13*l - 219. Suppose 9*v = 15 - 105. Calculate x(v).
4
Let j(q) be the first derivative of q**3/3 - 2*q**2 - 2*q - 22. Suppose -2*z + 32 = 3*z - 3*o, 28 = 2*z - 5*o. Determine j(z).
-2
Let x(t) = t**3 - 10*t**2 - 3*t - 3. Let d = -5 + 17. Suppose d*q - 100 = 2*q. Calculate x(q).
-33
Suppose -3*j + 30*o = 27*o - 33, 2*j - 4*o = 34. Let w(u) be the first derivative of 12 + 1/3*u**3 + 3*u**2 - j*u. Determine w(-8).
11
Let s(j) = 7*j**3 + 3*j**2 - 8*j - 3. Let p be s(-5). Let r = 767 + p. Let m(o) = -6*o**2 + o**3 + 1 + 4*o**2 - 3*o**2. What is m(r)?
-15
Let v(p) = -142*p + 33. Let m(i) = 401*i - 97. Let f(l) = -6*m(l) - 17*v(l). Give f(-3).
-3
Let x(j) = -15*j - 9. Let b = -9171 + 9167. What is x(b)?
51
Suppose y + 139 - 107 = 4*x, 3*x + 68 = -5*y. Let b(j) = j + 0 - 1 + j. What is b(x)?
7
Let s(j) be the first derivative of j**2 - 1/3*j**3 - 68 + j. Determine s(5).
-14
Let j = 2 - 0. Let z(s) = -s**3 - 2*s**2 + 8*s - 4. Let y be z(j). Let i(a) = a**3 + 6*a**2 + 4*a + 4. Give i(y).
20
Let r(n) be the second derivative of 19*n**3/6 - 55*n**2/2 + 4*n + 1. Calculate r(3).
2
Let z(c) = 2*c**2 + 0*c**3 - 8*c - 5 + 0 + 4*c**2 + c**3. Suppose 4*v + 13 = b, 42*b = 37*b - 2*v - 45. What is z(b)?
2
Let w(o) be the second derivative of -o**5/20 + 7*o**4/12 - o**3 - o. Suppose 20 = 60*b - 58*b - h, b - 3*h = 30. Give w(b).
0
Let m = -621 + 615. Let f(s) = s + 3. Let a(o) = 6*o + 14. Let z(t) = m*a(t) + 33*f(t). Give z(6).
-3
Let z be ((-2)/(-3))/((-7)/(-3) - 2). Suppose -z*r + 24 = k, 3*k = 31*r - 26*r - 49. Let d(x) = x - 18. What is d(r)?
-7
Suppose -2*w + n - 46 = 0, 79 = 3*w - 6*w + 4*n. Let h = 23 + w. Let r(k) = -4*k - 2. What is r(h)?
-10
Let i be (5 - -10)*(-1 + 0). Let r = i - -14. Let l(z) = -66*z**2 + 3*z - 6. Let s(x) = -13*x**2 + x - 1. Let a(j) = -l(j) + 5*s(j). What is a(r)?
0
Let b(w) = w**2. Let c(s) = 4*s**2 - 7*s - 7. Let z(l) = -2*b(l) + c(l). Calculate z(4).
-3
Let i(m) = 130*m**2 - 55*m**2 + 24*m - 57*m**2 - 17*m**2 - 6. What is i(-18)?
-114
Suppose -7*x + 12 = -4*x. Suppose x*y + 0*y = 56. Let i(b) = y - 4*b - 2*b - 22 + 3*b. Calculate i(-6).
10
Suppose -2*a = -4*p - 4 + 8, 0 = -4*a + p + 20. Let b(v) = 3*v**2 - 1 - 2*v**2 + 1 + 3*v - a. Suppose y - 25 = 6*y. Give b(y).
4
Let d(j) be the second derivative of 3/2*j**3 + 1/120*j**6 + 0 + 1/24*j**4 - 18*j**2 - 1/60*j**5 - 5*j. Let w(h) be the first derivative of d(h). What is w(0)?
9
Let h = 9 - 2. Let z be (-1)/(-19)*397 - (-2)/19. Let v(m) = 8*m**2 - m**3 + 13*m - z*m + 1 - 8. Give v(h).
-14
Suppose 2*w = 3*z - 14, -3*w + 15 + 9 = 3*z. Let m = 2 - z. Let d(c) = -c**3 - 7*c**2 - 3 - 44*c - 43*c + 90*c + 4*c**2. What is d(m)?
1
Let a(s) = 11*s**2 + 33*s + 5. Let i be a(-3). Let l = 10 - 7. Let q(t) = t**l + 8*t - 5*t**3 - 7 + 3*t**3 + 1 + 4*t**2. Determine q(i).
9
Let i(n) = -4*n - 108. Let s be i(-27). Suppose -2*m + 6*m - p + 12 = s, 5*m = 5*p. Let k(b) = -2*b - 6. What is k(m)?
2
Let t = 77 - 82. Let l be (-4 - (t + 0))/(2/4). Let a(i) = -5*i - 10*i**2 - i**2 - 3*i**l - 1 + 15*i**2. Calculate a(6).
5
Let r(v) be the second derivative of -v**4/12 - 5*v**3/6 + 11*v**2/2 - 1035*v + 2. Calculate r(-7).
-3
Suppose 0*t + 4 = 2*t. Let x(h) = 3 + h**3 + h**3 + 8*h**2 + t*h**3 - 3*h**3. Let o = -1965 - -1957. Give x(o).
3
Let y(z) = -6*z + 30 - z**3 - 994*z**2 + 2004*z**2 - 997*z**2 - 6*z. Calculate y(12).
30
Let h be (-5 - -11)*13/(-39)*2/(-12). Let t(u) be the first derivative of 3/2*u**2 - 2*u + h*u**3 - 14. Calculate t(-5).
8
Let c(q) = -4*q. Let i(m) = 5*m + 1. Let h(j) = 3*c(j) + 2*i(j). Suppose 1176 = 6*d - 20*d. Let a = d - -82. What is h(a)?
6
Let x(o) = -o**2 - 6*o + 1. Let v(w) = -2*w**2 + 26 - 23 + w**2 - 6*w. Let c(r) = 2*v(r) - 3*x(r). Determine c(-4).
-5
Let l(k) = 2*k - 42. Let r be 92/204 - 1/3 - 21090/(-1938). Give l(r).
-20
Let b(u) = -2*u + 38. Let z(k) = k**2 - 82*k - 418. Let r be z(87). Calculate b(r).
4
Let i(b) be the third derivative of 5*b**4/8 + 4*b**3/3 + 2087*b**2. Give i(5).
83
Suppose -3*n = -1 - 2. Let j(s) = -92*s**2 - 8*s + 1. Let b(l) = -78*l**2 - 7*l + 1. Let p(a) = 6*b(a) - 5*j(a). What is p(n)?
-9
Let t(c) = c**3 - 8*c**2 - 10*c + 12. Let b be t(9). Let f(r) = -4317*r + 2159*r + 2150*r - 2. Determine f(b).
-26
Let d = 222 + -218. Let l(x) = -8*x**2 - d*x - x + 2*x - x**3 - 10 + 2. Calculate l(-8).
16
Let s = -2 - -1. Let k(t) = 98*t*